 multiple of 20?
True
Is 101 a factor of 8849822?
True
Is 328855364 a multiple of 73?
True
Is 22 a factor of 238166989?
False
Does 21 divide 1892350950?
True
Does 9 divide 13119745?
False
Is 77638210 a multiple of 25?
False
Is 51425736 a multiple of 56?
False
Is 16 a factor of 1530767440?
True
Is 243167069 a multiple of 61?
False
Is 388 a factor of 328568191?
False
Is 223293659 a multiple of 674?
False
Is 1182 a factor of 259413540?
True
Is 59 a factor of 39280309?
False
Is 428 a factor of 1246625627?
False
Is 20 a factor of 603851582?
False
Is 624870105 a multiple of 4?
False
Does 38 divide 232843024?
True
Is 85577905 a multiple of 598?
False
Does 1677 divide 18252468?
True
Does 1127 divide 17441710?
False
Is 328 a factor of 549103816?
True
Is 38217655 a multiple of 383?
True
Is 259 a factor of 7259770?
True
Is 21697712 a multiple of 12?
False
Is 25 a factor of 21418825?
True
Does 416 divide 58761161?
False
Does 288 divide 159578784?
True
Does 556 divide 18908448?
True
Is 7563342 a multiple of 46?
False
Is 8315917 a multiple of 2?
False
Is 268076084 a multiple of 199?
True
Is 25 a factor of 77342300?
True
Does 289 divide 10749933?
True
Is 204702163 a multiple of 10?
False
Is 41164013 a multiple of 209?
True
Is 345 a factor of 216716055?
False
Is 32443797 a multiple of 18?
False
Is 707291188 a multiple of 38?
True
Is 84386807 a multiple of 404?
False
Is 10218430 a multiple of 41?
True
Is 475738029 a multiple of 13?
True
Does 2724 divide 293365140?
False
Does 1666 divide 50947801?
False
Does 35 divide 1326205004?
False
Does 62 divide 81537865?
False
Is 3834339525 a multiple of 10?
False
Is 12266568 a multiple of 14?
False
Is 10 a factor of 97243596?
False
Is 62601016 a multiple of 9?
False
Is 2 a factor of 892766?
True
Is 444 a factor of 113358562?
False
Does 11 divide 40955904?
True
Does 278 divide 580845696?
False
Does 4074 divide 311792559?
False
Does 21 divide 20280960?
True
Is 152 a factor of 285108528?
True
Is 4336875 a multiple of 45?
True
Is 15979701 a multiple of 321?
True
Does 12 divide 4989096?
True
Is 904953685 a multiple of 92?
False
Does 19 divide 2228093208?
False
Is 36024534 a multiple of 57?
False
Does 38 divide 1253706405?
False
Is 86 a factor of 1097962992?
False
Is 2263131000 a multiple of 2610?
True
Does 232 divide 290635680?
True
Is 2069424585 a multiple of 27?
True
Is 3695 a factor of 111201025?
True
Is 12678716 a multiple of 10?
False
Is 81618696 a multiple of 1967?
False
Is 185204763 a multiple of 35?
False
Is 1183552 a multiple of 21?
False
Is 3 a factor of 7925243?
False
Is 20 a factor of 124506173?
False
Is 6922 a factor of 435370183?
False
Is 535497594 a multiple of 13?
False
Is 86 a factor of 512740?
False
Is 184 a factor of 40597944?
True
Is 3092660130 a multiple of 217?
True
Does 282 divide 966379110?
False
Does 4 divide 4366020?
True
Is 56017668 a multiple of 42?
True
Is 248706202 a multiple of 22?
False
Is 56110431 a multiple of 13?
True
Is 2071987341 a multiple of 19?
False
Does 1773 divide 1575524058?
False
Is 3107 a factor of 2473408318?
False
Does 1518 divide 1181004?
True
Is 303 a factor of 29131935?
True
Is 7 a factor of 131333391?
True
Is 25 a factor of 919353725?
True
Does 618 divide 286502463?
False
Is 2101350 a multiple of 41?
False
Is 6 a factor of 57310003?
False
Is 916 a factor of 29125136?
True
Does 41 divide 1635204887?
False
Is 1212875625 a multiple of 1625?
True
Is 1222709290 a multiple of 353?
False
Is 237722040 a multiple of 2644?
True
Is 14993183 a multiple of 2?
False
Does 4 divide 6188108?
True
Is 3750 a factor of 436117500?
True
Does 1587 divide 3946869?
True
Is 266154340 a multiple of 212?
True
Is 347 a factor of 92413449?
False
Is 17089460 a multiple of 383?
True
Does 37 divide 339693824?
False
Is 144128446 a multiple of 22?
True
Does 57 divide 694911?
False
Does 2250 divide 11983500?
True
Does 1697 divide 339642022?
False
Does 1195 divide 293600745?
True
Is 161 a factor of 1519156581?
False
Is 76 a factor of 12562193?
False
Is 20 a factor of 14581340?
True
Is 7 a factor of 44488809?
False
Is 354 a factor of 1016815086?
True
Is 334219302 a multiple of 23?
True
Is 110540592 a multiple of 2952?
True
Is 2855 a factor of 1680264570?
True
Is 170 a factor of 51421600?
True
Is 33066221 a multiple of 19?
False
Is 57127326 a multiple of 559?
False
Is 461 a factor of 64033822?
True
Is 11 a factor of 161607952?
True
Does 1855 divide 2759716725?
False
Is 1187 a factor of 348213572?
True
Does 10 divide 11065640?
True
Is 5 a factor of 1717162846?
False
Is 8 a factor of 5198600?
True
Is 12 a factor of 70834783?
False
Does 10 divide 93010843?
False
Is 204 a factor of 3171127?
False
Is 5398392 a multiple of 8?
True
Does 12 divide 541729308?
True
Is 87132890 a multiple of 1795?
True
Does 28 divide 1477252504?
True
Does 154 divide 9970793?
False
Does 3945 divide 35307750?
True
Is 382095140 a multiple of 14?
True
Is 692710084 a multiple of 6133?
True
Is 29356870 a multiple of 56?
False
Is 5499915376 a multiple of 10351?
False
Does 3374 divide 59851386?
True
Is 532959264 a multiple of 24?
True
Does 10 divide 142654430?
True
Is 2801 a factor of 573539?
False
Does 10 divide 1690699180?
True
Is 717591471 a multiple of 962?
False
Is 25 a factor of 348245625?
True
Is 2525 a factor of 1255070426?
False
Does 4699 divide 1419554328?
False
Is 1409 a factor of 83997904?
False
Is 505638470 a multiple of 18?
False
Is 131290411 a multiple of 2?
False
Is 10 a factor of 19389664?
False
Is 15012000 a multiple of 24?
True
Is 114 a factor of 197708483?
False
Is 295 a factor of 15269790?
True
Is 554656787 a multiple of 22?
False
Is 19 a factor of 55718283?
False
Does 677 divide 62109452?
False
Is 1127661500 a multiple of 24?
False
Is 7 a factor of 2076347?
True
Is 2126664119 a multiple of 12707?
False
Is 1445445953 a multiple of 973?
False
Is 69442065 a multiple of 147?
True
Is 135761207 a multiple of 3034?
False
Is 16547029 a multiple of 5?
False
Does 23 divide 1262465193?
True
Does 884 divide 9747868?
True
Is 26891930 a multiple of 2690?
True
Does 8049 divide 4487478480?
True
Is 139197585 a multiple of 13?
False
Is 1682470 a multiple of 4?
False
Is 750720 a multiple of 1955?
True
Is 68155128 a multiple of 76?
True
Is 160 a factor of 1532113440?
True
Is 19106985 a multiple of 962?
False
Does 944 divide 1803294880?
True
Does 18 divide 307216249?
False
Does 12 divide 4541874?
False
Is 4077696 a multiple of 6?
True
Does 160 divide 2793150720?
True
Is 17073846 a multiple of 266?
False
Is 50713471 a multiple of 19?
False
Is 7330760 a multiple of 336?
False
Does 28 divide 12640332?
False
Is 16 a factor of 552044744?
False
Does 228 divide 125172?
True
Does 7 divide 163925522?
False
Does 193 divide 83561859?
True
Does 60 divide 64573020?
True
Does 10 divide 4383579?
False
Is 122078276 a multiple of 194?
False
Is 412675136 a multiple of 8?
True
Is 2599840320 a multiple of 160?
True
Is 6850 a factor of 546561500?
True
Is 137 a factor of 1037784727?
True
Is 73287700 a multiple of 20?
True
Is 8480768 even?
True
Is 760312371 a multiple of 481?
True
Is 3 a factor of 412141464?
True
Is 1378710645 a multiple of 819?
False
Is 4247 a factor of 1462450203?
True
Is 19 a factor of 9688540?
False
Is 733874852 a multiple of 5116?
True
Is 246 a factor of 120863736?
True
Does 176 divide 15598880?
True
Is 22 a factor of 280907364?
False
Is 21 a factor of 798292194?
True
Is 62765185 a multiple of 20?
False
Does 2 divide 44984741?
False
Is 436415480 a multiple of 20?
True
Is 3859387004 a multiple of 13?
False
Is 13 a factor of 8519579433?
False
Is 28003886 a multiple of 226?
True
Is 218877125 a multiple of 707?
False
Does 47 divide 83331?
True
Does 1457 divide 205829880?
False
Is 1819125 a multiple of 1375?
True
Is 257944160 a multiple of 1493?
False
Is 1810 a factor of 6618850246?
False
Is 270200882 a multiple of 6?
False
Is 253306840 a multiple of 221?
False
Is 334 a factor of 281028255?
False
Is 5263735 a multiple of 587?
False
Is 16819576 a multiple of 1146?
False
Is 3884935 a multiple of 5?
True
Is 161170090 a multiple of 397?
True
Is 75 a factor of 262479789?
False
Is 999 a factor of 90110711?
False
Is 8137922 a multiple of 86?
True
Is 51 a factor of 84769108?
False
Is 287 a factor of 29520330?
False
Is 585 a factor of 371170215?
True
Is 330